{"id":373,"date":"2019-12-03T08:42:05","date_gmt":"2019-12-03T07:42:05","guid":{"rendered":"https:\/\/jaskobus.sk\/?page_id=373"},"modified":"2019-12-11T08:49:41","modified_gmt":"2019-12-11T07:49:41","slug":"kurz-zlanovania","status":"publish","type":"page","link":"https:\/\/jaskobus.sk\/?page_id=373","title":{"rendered":"Kurz zla\u0148ovania"},"content":{"rendered":"\n<p>Kurz zla\u0148ovania je ur\u010den\u00fd pre v\u0161etk\u00fdch, ktor\u00ed zla\u0148ova\u0165 bu\u010f v\u00f4bec nevedia, alebo aj vedia, ale nies\u00fa si ist\u00ed \u010di to robia metodicky spr\u00e1vne a bezpe\u010dne. Behom 4 hod\u00edn intenz\u00edvneho kurzu v\u00e1s nau\u010d\u00edme metodicky a predov\u0161etk\u00fdm nezpe\u010dne zlani\u0165, upozorn\u00edme v\u00e1s na v\u0161etky mo\u017en\u00e9 okolnosti, ktor\u00e9 v\u00e1s m\u00f4\u017eu pri zla\u0148ovan\u00ed v hor\u00e1ch stretn\u00fa\u0165 a na \u010do si treba d\u00e1va\u0165 pozor. Kurzy usporiadame pre jednotlivcov aj skupiny v okol\u00ed Bratislavy (Plan\u0148a pri PKO, \u0160tokarevsk\u00e1 v\u00e1penka, Meden\u00e9 H\u00e1mre, Paj\u0161t\u00fan, Medvedia skala, at\u010f.).<\/p>\n\n\n\n<p><strong>Inform\u00e1cie k kurzu<\/strong><\/p>\n\n\n\n<ul><li>trvanie kurzu <strong>4hod<\/strong><\/li><li>kurz sa kon\u00e1 v okol\u00ed Bratislavy po dohode s \u00fa\u010dastn\u00edkmi<\/li><li>maxim\u00e1lny po\u010det \u00fa\u010dastn\u00edkov <strong>4 na jedn\u00e9ho in\u0161truktora<\/strong><\/li><li>Term\u00edn kurzu pod\u013ea dohovoru<\/li><li>cena kurzu <strong>od 25\u20ac<\/strong><\/li><li>doprava na miesto konanie je individu\u00e1lna<\/li><li>mo\u017enos\u0165 zapo\u017ei\u010dania potrebnej v\u00fdstroje<\/li><\/ul>\n\n\n\n<p> <strong>V pr\u00edpade z\u00e1ujmu p\u00ed\u0161te na <a href=\"mailto:gulexs.adventures@gmail.com\" target=\"_blank\" rel=\"noreferrer noopener\" aria-label=\" (otvor\u00ed sa v novej karte)\">gulexs.adventures@gmail.com<\/a><\/strong> <\/p>\n\n\n\n<figure class=\"wp-block-gallery columns-4 is-cropped wp-block-gallery-1 is-layout-flex wp-block-gallery-is-layout-flex\"><ul class=\"blocks-gallery-grid\"><li class=\"blocks-gallery-item\"><figure><a href=\"https:\/\/jaskobus.sk\/wp-content\/uploads\/2019\/12\/IMAG0539-scaled.jpg\"><img loading=\"lazy\" decoding=\"async\" width=\"576\" height=\"1024\" src=\"https:\/\/jaskobus.sk\/wp-content\/uploads\/2019\/12\/IMAG0539-576x1024.jpg\" alt=\"\" data-id=\"374\" data-full-url=\"https:\/\/jaskobus.sk\/wp-content\/uploads\/2019\/12\/IMAG0539-scaled.jpg\" data-link=\"https:\/\/jaskobus.sk\/?attachment_id=374\" class=\"wp-image-374\" srcset=\"https:\/\/jaskobus.sk\/wp-content\/uploads\/2019\/12\/IMAG0539-576x1024.jpg 576w, https:\/\/jaskobus.sk\/wp-content\/uploads\/2019\/12\/IMAG0539-169x300.jpg 169w, https:\/\/jaskobus.sk\/wp-content\/uploads\/2019\/12\/IMAG0539-768x1365.jpg 768w, https:\/\/jaskobus.sk\/wp-content\/uploads\/2019\/12\/IMAG0539-864x1536.jpg 864w, https:\/\/jaskobus.sk\/wp-content\/uploads\/2019\/12\/IMAG0539-1152x2048.jpg 1152w, https:\/\/jaskobus.sk\/wp-content\/uploads\/2019\/12\/IMAG0539-scaled.jpg 1441w\" sizes=\"(max-width: 576px) 100vw, 576px\" \/><\/a><\/figure><\/li><li class=\"blocks-gallery-item\"><figure><a href=\"https:\/\/jaskobus.sk\/wp-content\/uploads\/2019\/12\/IMAG1602-scaled.jpg\"><img loading=\"lazy\" decoding=\"async\" width=\"1024\" height=\"576\" src=\"https:\/\/jaskobus.sk\/wp-content\/uploads\/2019\/12\/IMAG1602-1024x576.jpg\" alt=\"\" data-id=\"375\" data-full-url=\"https:\/\/jaskobus.sk\/wp-content\/uploads\/2019\/12\/IMAG1602-scaled.jpg\" data-link=\"https:\/\/jaskobus.sk\/?attachment_id=375\" class=\"wp-image-375\" srcset=\"https:\/\/jaskobus.sk\/wp-content\/uploads\/2019\/12\/IMAG1602-1024x576.jpg 1024w, https:\/\/jaskobus.sk\/wp-content\/uploads\/2019\/12\/IMAG1602-300x169.jpg 300w, https:\/\/jaskobus.sk\/wp-content\/uploads\/2019\/12\/IMAG1602-768x432.jpg 768w, https:\/\/jaskobus.sk\/wp-content\/uploads\/2019\/12\/IMAG1602-1536x864.jpg 1536w, https:\/\/jaskobus.sk\/wp-content\/uploads\/2019\/12\/IMAG1602-2048x1152.jpg 2048w\" sizes=\"(max-width: 1024px) 100vw, 1024px\" \/><\/a><\/figure><\/li><li class=\"blocks-gallery-item\"><figure><a href=\"https:\/\/jaskobus.sk\/wp-content\/uploads\/2019\/12\/IMAG2182-scaled.jpg\"><img loading=\"lazy\" decoding=\"async\" width=\"576\" height=\"1024\" src=\"https:\/\/jaskobus.sk\/wp-content\/uploads\/2019\/12\/IMAG2182-576x1024.jpg\" alt=\"\" data-id=\"376\" data-full-url=\"https:\/\/jaskobus.sk\/wp-content\/uploads\/2019\/12\/IMAG2182-scaled.jpg\" data-link=\"https:\/\/jaskobus.sk\/?attachment_id=376\" class=\"wp-image-376\" srcset=\"https:\/\/jaskobus.sk\/wp-content\/uploads\/2019\/12\/IMAG2182-576x1024.jpg 576w, https:\/\/jaskobus.sk\/wp-content\/uploads\/2019\/12\/IMAG2182-169x300.jpg 169w, https:\/\/jaskobus.sk\/wp-content\/uploads\/2019\/12\/IMAG2182-768x1365.jpg 768w, https:\/\/jaskobus.sk\/wp-content\/uploads\/2019\/12\/IMAG2182-864x1536.jpg 864w, https:\/\/jaskobus.sk\/wp-content\/uploads\/2019\/12\/IMAG2182-1152x2048.jpg 1152w, https:\/\/jaskobus.sk\/wp-content\/uploads\/2019\/12\/IMAG2182-scaled.jpg 1441w\" sizes=\"(max-width: 576px) 100vw, 576px\" \/><\/a><\/figure><\/li><li class=\"blocks-gallery-item\"><figure><a href=\"https:\/\/jaskobus.sk\/wp-content\/uploads\/2019\/12\/IMAG2184-scaled.jpg\"><img loading=\"lazy\" decoding=\"async\" width=\"576\" height=\"1024\" src=\"https:\/\/jaskobus.sk\/wp-content\/uploads\/2019\/12\/IMAG2184-576x1024.jpg\" alt=\"\" data-id=\"377\" data-full-url=\"https:\/\/jaskobus.sk\/wp-content\/uploads\/2019\/12\/IMAG2184-scaled.jpg\" data-link=\"https:\/\/jaskobus.sk\/?attachment_id=377\" class=\"wp-image-377\" srcset=\"https:\/\/jaskobus.sk\/wp-content\/uploads\/2019\/12\/IMAG2184-576x1024.jpg 576w, https:\/\/jaskobus.sk\/wp-content\/uploads\/2019\/12\/IMAG2184-169x300.jpg 169w, https:\/\/jaskobus.sk\/wp-content\/uploads\/2019\/12\/IMAG2184-768x1365.jpg 768w, https:\/\/jaskobus.sk\/wp-content\/uploads\/2019\/12\/IMAG2184-864x1536.jpg 864w, https:\/\/jaskobus.sk\/wp-content\/uploads\/2019\/12\/IMAG2184-1152x2048.jpg 1152w, https:\/\/jaskobus.sk\/wp-content\/uploads\/2019\/12\/IMAG2184-scaled.jpg 1441w\" sizes=\"(max-width: 576px) 100vw, 576px\" \/><\/a><\/figure><\/li><\/ul><\/figure>\n","protected":false},"excerpt":{"rendered":"<p>Kurz zla\u0148ovania je ur\u010den\u00fd pre v\u0161etk\u00fdch, ktor\u00ed zla\u0148ova\u0165 bu\u010f v\u00f4bec nevedia, alebo aj vedia, ale nies\u00fa si ist\u00ed \u010di to robia metodicky spr\u00e1vne a bezpe\u010dne. Behom 4 hod\u00edn intenz\u00edvneho kurzu v\u00e1s nau\u010d\u00edme metodicky a predov\u0161etk\u00fdm nezpe\u010dne zlani\u0165, upozorn\u00edme v\u00e1s na &hellip; <a href=\"https:\/\/jaskobus.sk\/?page_id=373\">Continued<\/a><\/p>\n","protected":false},"author":2,"featured_media":376,"parent":0,"menu_order":0,"comment_status":"closed","ping_status":"closed","template":"","meta":{"kt_blocks_editor_width":"","_price":"","_stock":"","_tribe_ticket_header":"","_tribe_default_ticket_provider":"","_tribe_ticket_capacity":"0","_ticket_start_date":"","_ticket_end_date":"","_tribe_ticket_show_description":"","_tribe_ticket_show_not_going":false,"_tribe_ticket_use_global_stock":"","_tribe_ticket_global_stock_level":"","_global_stock_mode":"","_global_stock_cap":"","_tribe_rsvp_for_event":"","_tribe_ticket_going_count":"","_tribe_ticket_not_going_count":"","_tribe_tickets_list":[],"_tribe_ticket_has_attendee_info_fields":false,"_EventAllDay":false,"_EventTimezone":"","_EventStartDate":"","_EventEndDate":"","_EventStartDateUTC":"","_EventEndDateUTC":"","_EventShowMap":false,"_EventShowMapLink":false,"_EventURL":"","_EventCost":"","_EventCostDescription":"","_EventCurrencySymbol":"","_EventCurrencyCode":"","_EventCurrencyPosition":"","_EventDateTimeSeparator":"","_EventTimeRangeSeparator":"","_EventOrganizerID":[],"_EventVenueID":[],"_OrganizerEmail":"","_OrganizerPhone":"","_OrganizerWebsite":"","_VenueAddress":"","_VenueCity":"","_VenueCountry":"","_VenueProvince":"","_VenueState":"","_VenueZip":"","_VenuePhone":"","_VenueURL":"","_VenueStateProvince":"","_VenueLat":"","_VenueLng":"","_VenueShowMap":false,"_VenueShowMapLink":false,"footnotes":""},"ticketed":false,"_links":{"self":[{"href":"https:\/\/jaskobus.sk\/index.php?rest_route=\/wp\/v2\/pages\/373"}],"collection":[{"href":"https:\/\/jaskobus.sk\/index.php?rest_route=\/wp\/v2\/pages"}],"about":[{"href":"https:\/\/jaskobus.sk\/index.php?rest_route=\/wp\/v2\/types\/page"}],"author":[{"embeddable":true,"href":"https:\/\/jaskobus.sk\/index.php?rest_route=\/wp\/v2\/users\/2"}],"replies":[{"embeddable":true,"href":"https:\/\/jaskobus.sk\/index.php?rest_route=%2Fwp%2Fv2%2Fcomments&post=373"}],"version-history":[{"count":3,"href":"https:\/\/jaskobus.sk\/index.php?rest_route=\/wp\/v2\/pages\/373\/revisions"}],"predecessor-version":[{"id":558,"href":"https:\/\/jaskobus.sk\/index.php?rest_route=\/wp\/v2\/pages\/373\/revisions\/558"}],"wp:featuredmedia":[{"embeddable":true,"href":"https:\/\/jaskobus.sk\/index.php?rest_route=\/wp\/v2\/media\/376"}],"wp:attachment":[{"href":"https:\/\/jaskobus.sk\/index.php?rest_route=%2Fwp%2Fv2%2Fmedia&parent=373"}],"curies":[{"name":"wp","href":"https:\/\/api.w.org\/{rel}","templated":true}]}}