{"id":367,"date":"2019-12-02T15:27:54","date_gmt":"2019-12-02T14:27:54","guid":{"rendered":"https:\/\/jaskobus.sk\/?page_id=367"},"modified":"2019-12-11T08:49:07","modified_gmt":"2019-12-11T07:49:07","slug":"viac-dlzkove-lezenie-hradok-pod-vtacnikom","status":"publish","type":"page","link":"https:\/\/jaskobus.sk\/?page_id=367","title":{"rendered":"Viac d\u013a\u017ekov\u00e9 lezenie &#8211; Hr\u00e1dok pod Vt\u00e1\u010dnikom"},"content":{"rendered":"\n<p>Kto e\u0161te nepozn\u00e1 horolezeck\u00fa oblas\u0165 Hr\u00e1dok pod Vt\u00e1\u010dnikom tak nevie o \u010do prich\u00e1dza. Jedn\u00e1 sa o mekku viac-d\u013a\u017ekov\u00e9ho andezitov\u00e9ho lezenia na Slovensku. Oblas\u0165 sa nach\u00e1dza ne\u010faleko obce Kamenec pod Vt\u00e1\u010dnikom, asi 180km od Bratislavy. Oblas\u0165 pon\u00faka vy\u0161e stovky zaisten\u00fdch, ale aj tradi\u010dn\u00fdch ciest v rozmedz\u00ed obtia\u017enost\u00ed od III a\u017e po X UIAA. Je to vynikaj\u00faca oblas\u0165 na tr\u00e9ning vo\u013en\u00e9ho, viac d\u013a\u017ekov\u00e9ho lezenia s vlastn\u00fdm postupov\u00fdm isten\u00edm.<\/p>\n\n\n\n<p><strong>Inform\u00e1cie k v\u00fdletu<\/strong><\/p>\n\n\n\n<ul><li>trvanie v\u00fdjazdu \u2013 3 dni\/2 noci<\/li><li>mo\u017enos\u0165 <a href=\"https:\/\/jaskobus.sk\/?page_id=248\">\u00farovne \u2013 za\u010diato\u010dn\u00edk\/pokro\u010dil\u00fd\/Jaskobus Crew<\/a><\/li><li>odjazd z Bratislavy<\/li><li>term\u00edn v\u00fdjazdu pod\u013ea \u00fa\u010dasti a dohovoru<\/li><li>cena v\u00fdjazdu <strong>od 35\u20ac \/ 3dni<\/strong> (cena v\u00fdletu sa odv\u00edja od zvolenej \u00farovne)<\/li><li>v cene je zahrnut\u00e1 doprava, cestovn\u00e9 poistenie<\/li><li>v cene nie je zahrnut\u00e1 strava a ubytovanie<\/li><li>ubytovanie je mo\u017en\u00e9 bu\u010f v campe vo vlastn\u00fdch stanoch, alebo v chate pod Kon\u010ditou<\/li><\/ul>\n\n\n\n<p> V pr\u00edpade z\u00e1ujmu, alebo ak\u00fdchko\u013evek ot\u00e1zok n\u00e1m nap\u00ed\u0161te spr\u00e1vu na <a href=\"https:\/\/jaskobus.sk\/wp-admin\/gulexs.adventures@gmail.com\" target=\"_blank\" rel=\"noreferrer noopener\" aria-label=\" (otvor\u00ed sa v novej karte)\">gulexs.adventures@gmail.com<\/a><\/p>\n\n\n<p><!--EndFragment--><\/p>\n\n\n<figure class=\"wp-block-gallery columns-4 is-cropped wp-block-gallery-1 is-layout-flex wp-block-gallery-is-layout-flex\"><ul class=\"blocks-gallery-grid\"><li class=\"blocks-gallery-item\"><figure><a href=\"https:\/\/jaskobus.sk\/wp-content\/uploads\/2019\/11\/DSC01907-768x1024.jpg\"><img loading=\"lazy\" decoding=\"async\" width=\"768\" height=\"1024\" src=\"https:\/\/jaskobus.sk\/wp-content\/uploads\/2019\/11\/DSC01907-768x1024.jpg\" alt=\"\" data-id=\"280\" data-link=\"https:\/\/jaskobus.sk\/?attachment_id=280\" class=\"wp-image-280\" srcset=\"https:\/\/jaskobus.sk\/wp-content\/uploads\/2019\/11\/DSC01907-768x1024.jpg 768w, https:\/\/jaskobus.sk\/wp-content\/uploads\/2019\/11\/DSC01907-225x300.jpg 225w\" sizes=\"(max-width: 768px) 100vw, 768px\" \/><\/a><figcaption class=\"blocks-gallery-item__caption\">Igor, Haike a B\u00e1\u0161ka v prvej d\u013a\u017eke cesty Tri\u00e1da<\/figcaption><\/figure><\/li><li class=\"blocks-gallery-item\"><figure><a href=\"https:\/\/jaskobus.sk\/wp-content\/uploads\/2019\/11\/DSC01913-768x1024.jpg\"><img loading=\"lazy\" decoding=\"async\" width=\"768\" height=\"1024\" src=\"https:\/\/jaskobus.sk\/wp-content\/uploads\/2019\/11\/DSC01913-768x1024.jpg\" alt=\"\" data-id=\"281\" data-link=\"https:\/\/jaskobus.sk\/?attachment_id=281\" class=\"wp-image-281\" srcset=\"https:\/\/jaskobus.sk\/wp-content\/uploads\/2019\/11\/DSC01913-768x1024.jpg 768w, https:\/\/jaskobus.sk\/wp-content\/uploads\/2019\/11\/DSC01913-225x300.jpg 225w\" sizes=\"(max-width: 768px) 100vw, 768px\" \/><\/a><figcaption class=\"blocks-gallery-item__caption\">Ma\u0165o Sl\u00e1de\u010dek v k\u013e\u00fa\u010dovom kroku cesty Rybansk\u00fd.<\/figcaption><\/figure><\/li><li class=\"blocks-gallery-item\"><figure><a href=\"https:\/\/jaskobus.sk\/wp-content\/uploads\/2019\/11\/DSC01933-768x1024.jpg\"><img loading=\"lazy\" decoding=\"async\" width=\"768\" height=\"1024\" src=\"https:\/\/jaskobus.sk\/wp-content\/uploads\/2019\/11\/DSC01933-768x1024.jpg\" alt=\"\" data-id=\"283\" data-link=\"https:\/\/jaskobus.sk\/?attachment_id=283\" class=\"wp-image-283\" srcset=\"https:\/\/jaskobus.sk\/wp-content\/uploads\/2019\/11\/DSC01933-768x1024.jpg 768w, https:\/\/jaskobus.sk\/wp-content\/uploads\/2019\/11\/DSC01933-225x300.jpg 225w\" sizes=\"(max-width: 768px) 100vw, 768px\" \/><\/a><figcaption class=\"blocks-gallery-item__caption\">B\u00e1\u0161ka mak\u00e1 ako drak a Haike si u\u017e\u00edva No hand rest.<\/figcaption><\/figure><\/li><li class=\"blocks-gallery-item\"><figure><a href=\"https:\/\/jaskobus.sk\/wp-content\/uploads\/2019\/11\/DSC01947-768x1024.jpg\"><img loading=\"lazy\" decoding=\"async\" width=\"768\" height=\"1024\" src=\"https:\/\/jaskobus.sk\/wp-content\/uploads\/2019\/11\/DSC01947-768x1024.jpg\" alt=\"\" data-id=\"286\" data-link=\"https:\/\/jaskobus.sk\/?attachment_id=286\" class=\"wp-image-286\" srcset=\"https:\/\/jaskobus.sk\/wp-content\/uploads\/2019\/11\/DSC01947-768x1024.jpg 768w, https:\/\/jaskobus.sk\/wp-content\/uploads\/2019\/11\/DSC01947-225x300.jpg 225w\" sizes=\"(max-width: 768px) 100vw, 768px\" \/><\/a><figcaption class=\"blocks-gallery-item__caption\">Luky a Lili lez\u00fa Dra\u010d\u00ed k\u00fat<\/figcaption><\/figure><\/li><li class=\"blocks-gallery-item\"><figure><a href=\"https:\/\/jaskobus.sk\/wp-content\/uploads\/2019\/11\/DSC01958-768x1024.jpg\"><img loading=\"lazy\" decoding=\"async\" width=\"768\" height=\"1024\" src=\"https:\/\/jaskobus.sk\/wp-content\/uploads\/2019\/11\/DSC01958-768x1024.jpg\" alt=\"\" data-id=\"288\" data-link=\"https:\/\/jaskobus.sk\/?attachment_id=288\" class=\"wp-image-288\" srcset=\"https:\/\/jaskobus.sk\/wp-content\/uploads\/2019\/11\/DSC01958-768x1024.jpg 768w, https:\/\/jaskobus.sk\/wp-content\/uploads\/2019\/11\/DSC01958-225x300.jpg 225w\" sizes=\"(max-width: 768px) 100vw, 768px\" \/><\/a><figcaption class=\"blocks-gallery-item__caption\">Dada a Pe\u0165o v Vzdu\u0161nej<\/figcaption><\/figure><\/li><li class=\"blocks-gallery-item\"><figure><a href=\"https:\/\/jaskobus.sk\/wp-content\/uploads\/2019\/11\/DSC01950-768x1024.jpg\"><img loading=\"lazy\" decoding=\"async\" width=\"768\" height=\"1024\" src=\"https:\/\/jaskobus.sk\/wp-content\/uploads\/2019\/11\/DSC01950-768x1024.jpg\" alt=\"\" data-id=\"287\" data-link=\"https:\/\/jaskobus.sk\/?attachment_id=287\" class=\"wp-image-287\" srcset=\"https:\/\/jaskobus.sk\/wp-content\/uploads\/2019\/11\/DSC01950-768x1024.jpg 768w, https:\/\/jaskobus.sk\/wp-content\/uploads\/2019\/11\/DSC01950-225x300.jpg 225w\" sizes=\"(max-width: 768px) 100vw, 768px\" \/><\/a><figcaption class=\"blocks-gallery-item__caption\">Prv\u00e1 d\u013a\u017eka cesty Krut\u00e1.<\/figcaption><\/figure><\/li><li class=\"blocks-gallery-item\"><figure><a href=\"https:\/\/jaskobus.sk\/wp-content\/uploads\/2019\/12\/DSC01789.jpg\"><img loading=\"lazy\" decoding=\"async\" width=\"1024\" height=\"768\" src=\"https:\/\/jaskobus.sk\/wp-content\/uploads\/2019\/12\/DSC01789-1024x768.jpg\" alt=\"\" data-id=\"368\" data-full-url=\"https:\/\/jaskobus.sk\/wp-content\/uploads\/2019\/12\/DSC01789.jpg\" data-link=\"https:\/\/jaskobus.sk\/?attachment_id=368\" class=\"wp-image-368\" srcset=\"https:\/\/jaskobus.sk\/wp-content\/uploads\/2019\/12\/DSC01789-1024x768.jpg 1024w, https:\/\/jaskobus.sk\/wp-content\/uploads\/2019\/12\/DSC01789-300x225.jpg 300w, https:\/\/jaskobus.sk\/wp-content\/uploads\/2019\/12\/DSC01789-768x576.jpg 768w, https:\/\/jaskobus.sk\/wp-content\/uploads\/2019\/12\/DSC01789-1536x1152.jpg 1536w, https:\/\/jaskobus.sk\/wp-content\/uploads\/2019\/12\/DSC01789.jpg 2000w\" sizes=\"(max-width: 1024px) 100vw, 1024px\" \/><\/a><\/figure><\/li><li class=\"blocks-gallery-item\"><figure><a href=\"https:\/\/jaskobus.sk\/wp-content\/uploads\/2019\/12\/DSC01799.jpg\"><img loading=\"lazy\" decoding=\"async\" width=\"1024\" height=\"768\" src=\"https:\/\/jaskobus.sk\/wp-content\/uploads\/2019\/12\/DSC01799-1024x768.jpg\" alt=\"\" data-id=\"369\" data-full-url=\"https:\/\/jaskobus.sk\/wp-content\/uploads\/2019\/12\/DSC01799.jpg\" data-link=\"https:\/\/jaskobus.sk\/?attachment_id=369\" class=\"wp-image-369\" srcset=\"https:\/\/jaskobus.sk\/wp-content\/uploads\/2019\/12\/DSC01799-1024x768.jpg 1024w, https:\/\/jaskobus.sk\/wp-content\/uploads\/2019\/12\/DSC01799-300x225.jpg 300w, https:\/\/jaskobus.sk\/wp-content\/uploads\/2019\/12\/DSC01799-768x576.jpg 768w, https:\/\/jaskobus.sk\/wp-content\/uploads\/2019\/12\/DSC01799-1536x1152.jpg 1536w, https:\/\/jaskobus.sk\/wp-content\/uploads\/2019\/12\/DSC01799.jpg 2000w\" sizes=\"(max-width: 1024px) 100vw, 1024px\" \/><\/a><\/figure><\/li><li class=\"blocks-gallery-item\"><figure><a href=\"https:\/\/jaskobus.sk\/wp-content\/uploads\/2019\/12\/DSC01821.jpg\"><img loading=\"lazy\" decoding=\"async\" width=\"768\" height=\"1024\" src=\"https:\/\/jaskobus.sk\/wp-content\/uploads\/2019\/12\/DSC01821-768x1024.jpg\" alt=\"\" data-id=\"370\" data-full-url=\"https:\/\/jaskobus.sk\/wp-content\/uploads\/2019\/12\/DSC01821.jpg\" data-link=\"https:\/\/jaskobus.sk\/?attachment_id=370\" class=\"wp-image-370\" srcset=\"https:\/\/jaskobus.sk\/wp-content\/uploads\/2019\/12\/DSC01821-768x1024.jpg 768w, https:\/\/jaskobus.sk\/wp-content\/uploads\/2019\/12\/DSC01821-225x300.jpg 225w, https:\/\/jaskobus.sk\/wp-content\/uploads\/2019\/12\/DSC01821-1152x1536.jpg 1152w, https:\/\/jaskobus.sk\/wp-content\/uploads\/2019\/12\/DSC01821.jpg 1500w\" sizes=\"(max-width: 768px) 100vw, 768px\" \/><\/a><\/figure><\/li><\/ul><\/figure>\n","protected":false},"excerpt":{"rendered":"<p>Kto e\u0161te nepozn\u00e1 horolezeck\u00fa oblas\u0165 Hr\u00e1dok pod Vt\u00e1\u010dnikom tak nevie o \u010do prich\u00e1dza. Jedn\u00e1 sa o mekku viac-d\u013a\u017ekov\u00e9ho andezitov\u00e9ho lezenia na Slovensku. Oblas\u0165 sa nach\u00e1dza ne\u010faleko obce Kamenec pod Vt\u00e1\u010dnikom, asi 180km od Bratislavy. Oblas\u0165 pon\u00faka vy\u0161e stovky zaisten\u00fdch, ale &hellip; <a href=\"https:\/\/jaskobus.sk\/?page_id=367\">Continued<\/a><\/p>\n","protected":false},"author":2,"featured_media":369,"parent":0,"menu_order":0,"comment_status":"closed","ping_status":"closed","template":"","meta":{"kt_blocks_editor_width":"","_price":"","_stock":"","_tribe_ticket_header":"","_tribe_default_ticket_provider":"","_tribe_ticket_capacity":"0","_ticket_start_date":"","_ticket_end_date":"","_tribe_ticket_show_description":"","_tribe_ticket_show_not_going":false,"_tribe_ticket_use_global_stock":"","_tribe_ticket_global_stock_level":"","_global_stock_mode":"","_global_stock_cap":"","_tribe_rsvp_for_event":"","_tribe_ticket_going_count":"","_tribe_ticket_not_going_count":"","_tribe_tickets_list":[],"_tribe_ticket_has_attendee_info_fields":false,"_EventAllDay":false,"_EventTimezone":"","_EventStartDate":"","_EventEndDate":"","_EventStartDateUTC":"","_EventEndDateUTC":"","_EventShowMap":false,"_EventShowMapLink":false,"_EventURL":"","_EventCost":"","_EventCostDescription":"","_EventCurrencySymbol":"","_EventCurrencyCode":"","_EventCurrencyPosition":"","_EventDateTimeSeparator":"","_EventTimeRangeSeparator":"","_EventOrganizerID":[],"_EventVenueID":[],"_OrganizerEmail":"","_OrganizerPhone":"","_OrganizerWebsite":"","_VenueAddress":"","_VenueCity":"","_VenueCountry":"","_VenueProvince":"","_VenueState":"","_VenueZip":"","_VenuePhone":"","_VenueURL":"","_VenueStateProvince":"","_VenueLat":"","_VenueLng":"","_VenueShowMap":false,"_VenueShowMapLink":false,"footnotes":""},"ticketed":false,"_links":{"self":[{"href":"https:\/\/jaskobus.sk\/index.php?rest_route=\/wp\/v2\/pages\/367"}],"collection":[{"href":"https:\/\/jaskobus.sk\/index.php?rest_route=\/wp\/v2\/pages"}],"about":[{"href":"https:\/\/jaskobus.sk\/index.php?rest_route=\/wp\/v2\/types\/page"}],"author":[{"embeddable":true,"href":"https:\/\/jaskobus.sk\/index.php?rest_route=\/wp\/v2\/users\/2"}],"replies":[{"embeddable":true,"href":"https:\/\/jaskobus.sk\/index.php?rest_route=%2Fwp%2Fv2%2Fcomments&post=367"}],"version-history":[{"count":3,"href":"https:\/\/jaskobus.sk\/index.php?rest_route=\/wp\/v2\/pages\/367\/revisions"}],"predecessor-version":[{"id":557,"href":"https:\/\/jaskobus.sk\/index.php?rest_route=\/wp\/v2\/pages\/367\/revisions\/557"}],"wp:featuredmedia":[{"embeddable":true,"href":"https:\/\/jaskobus.sk\/index.php?rest_route=\/wp\/v2\/media\/369"}],"wp:attachment":[{"href":"https:\/\/jaskobus.sk\/index.php?rest_route=%2Fwp%2Fv2%2Fmedia&parent=367"}],"curies":[{"name":"wp","href":"https:\/\/api.w.org\/{rel}","templated":true}]}}