{"id":341,"date":"2019-11-28T07:06:11","date_gmt":"2019-11-28T06:06:11","guid":{"rendered":"https:\/\/jaskobus.sk\/?page_id=341"},"modified":"2019-12-11T08:48:25","modified_gmt":"2019-12-11T07:48:25","slug":"horolezecke-vystupy-vysoke-tatry","status":"publish","type":"page","link":"https:\/\/jaskobus.sk\/?page_id=341","title":{"rendered":"Horolezeck\u00e9 v\u00fdstupy &#8211; Vysok\u00e9 Tatry"},"content":{"rendered":"\n<p>Vysok\u00e9 Tatry asi netreba nikomu opisova\u0165. Je to na\u0161e jedin\u00e9 \u017eulov\u00e9 ve\u013ehorsk\u00e9 prostredie poskytuj\u00face \u0161irok\u00fa \u0161k\u00e1lu horolezeck\u00fdch aktiv\u00edt ako skaln\u00e9 lezenie, tradi\u010dn\u00e9 vo\u013en\u00e9 lezenie, zimn\u00e9 lezenie mixov \u010di \u013eadov a&nbsp;skialpinizmus. V\u00fdjazd je nastaven\u00fd ako v\u00edkendov\u00fd s&nbsp;dvoma nocami na vysokohorskej chate pod\u013ea dohovoru. Po dohode nie je probl\u00e9m pred\u013a\u017eenia v\u00fdjazdu na viac noc\u00ed.<\/p>\n\n\n\n<p><strong>Inform\u00e1cie k v\u00fdletu<\/strong><\/p>\n\n\n\n<ul><li>trvanie v\u00fdjazdu \u2013 3 dn\u00ed\/2noci<\/li><li>mo\u017enos\u0165 <a href=\"https:\/\/jaskobus.sk\/?page_id=248\">\u00farovne \u2013 za\u010diato\u010dn\u00edk\/pokro\u010dil\u00fd\/Jaskobus Crew<\/a><\/li><li>odjazd z Bratislavy<\/li><li>term\u00edn v\u00fdjazdu pod\u013ea \u00fa\u010dasti a dohovoru<\/li><li>cena v\u00fdjazdu <strong>od 100\u20ac \/ 3dni<\/strong> (cena v\u00fdletu sa odv\u00edja od zvolenej \u00farovne)<\/li><li>v cene je zahrnut\u00e1 doprava, cestovn\u00e9 poistenie, ubytovanie<\/li><li>v cene nie je zahrnut\u00e1 strava <\/li><\/ul>\n\n\n\n<p> V pr\u00edpade z\u00e1ujmu, alebo ak\u00fdchko\u013evek ot\u00e1zok n\u00e1m nap\u00ed\u0161te spr\u00e1vu na <a href=\"https:\/\/jaskobus.sk\/wp-admin\/gulexs.adventures@gmail.com\" target=\"_blank\" rel=\"noreferrer noopener\" aria-label=\" (otvor\u00ed sa v novej karte)\">gulexs.adventures@gmail.com<\/a><\/p>\n\n\n\n<figure class=\"wp-block-gallery columns-4 is-cropped wp-block-gallery-1 is-layout-flex wp-block-gallery-is-layout-flex\"><ul class=\"blocks-gallery-grid\"><li class=\"blocks-gallery-item\"><figure><a href=\"https:\/\/jaskobus.sk\/wp-content\/uploads\/2019\/11\/IMAG0429.jpg\"><img loading=\"lazy\" decoding=\"async\" width=\"1024\" height=\"576\" src=\"https:\/\/jaskobus.sk\/wp-content\/uploads\/2019\/11\/IMAG0429-1024x576.jpg\" alt=\"\" data-id=\"182\" data-full-url=\"https:\/\/jaskobus.sk\/wp-content\/uploads\/2019\/11\/IMAG0429.jpg\" data-link=\"https:\/\/jaskobus.sk\/?attachment_id=182\" class=\"wp-image-182\" srcset=\"https:\/\/jaskobus.sk\/wp-content\/uploads\/2019\/11\/IMAG0429-1024x576.jpg 1024w, https:\/\/jaskobus.sk\/wp-content\/uploads\/2019\/11\/IMAG0429-300x169.jpg 300w, https:\/\/jaskobus.sk\/wp-content\/uploads\/2019\/11\/IMAG0429-768x432.jpg 768w\" sizes=\"(max-width: 1024px) 100vw, 1024px\" \/><\/a><figcaption class=\"blocks-gallery-item__caption\">Na\u0161a Sobotn\u00e1 trojka<\/figcaption><\/figure><\/li><li class=\"blocks-gallery-item\"><figure><a href=\"https:\/\/jaskobus.sk\/wp-content\/uploads\/2019\/11\/IMAG0424.jpg\"><img loading=\"lazy\" decoding=\"async\" width=\"1024\" height=\"576\" src=\"https:\/\/jaskobus.sk\/wp-content\/uploads\/2019\/11\/IMAG0424-1024x576.jpg\" alt=\"\" data-id=\"180\" data-full-url=\"https:\/\/jaskobus.sk\/wp-content\/uploads\/2019\/11\/IMAG0424.jpg\" data-link=\"https:\/\/jaskobus.sk\/?attachment_id=180\" class=\"wp-image-180\" srcset=\"https:\/\/jaskobus.sk\/wp-content\/uploads\/2019\/11\/IMAG0424-1024x576.jpg 1024w, https:\/\/jaskobus.sk\/wp-content\/uploads\/2019\/11\/IMAG0424-300x169.jpg 300w, https:\/\/jaskobus.sk\/wp-content\/uploads\/2019\/11\/IMAG0424-768x432.jpg 768w\" sizes=\"(max-width: 1024px) 100vw, 1024px\" \/><\/a><figcaption class=\"blocks-gallery-item__caption\">Igor v prvej d\u013a\u017eke &#8211; Lopata &#8211; Ostr\u00fd \u0161t\u00edt<\/figcaption><\/figure><\/li><li class=\"blocks-gallery-item\"><figure><a href=\"https:\/\/jaskobus.sk\/wp-content\/uploads\/2019\/11\/IMAG0450.jpg\"><img loading=\"lazy\" decoding=\"async\" width=\"576\" height=\"1024\" src=\"https:\/\/jaskobus.sk\/wp-content\/uploads\/2019\/11\/IMAG0450-576x1024.jpg\" alt=\"\" data-id=\"191\" data-full-url=\"https:\/\/jaskobus.sk\/wp-content\/uploads\/2019\/11\/IMAG0450.jpg\" data-link=\"https:\/\/jaskobus.sk\/?attachment_id=191\" class=\"wp-image-191\" srcset=\"https:\/\/jaskobus.sk\/wp-content\/uploads\/2019\/11\/IMAG0450-576x1024.jpg 576w, https:\/\/jaskobus.sk\/wp-content\/uploads\/2019\/11\/IMAG0450-169x300.jpg 169w, https:\/\/jaskobus.sk\/wp-content\/uploads\/2019\/11\/IMAG0450-768x1365.jpg 768w\" sizes=\"(max-width: 576px) 100vw, 576px\" \/><\/a><figcaption class=\"blocks-gallery-item__caption\">S Haike na druhom \u0161tande cesty Motyka na \u0160irok\u00fa ve\u017eu<\/figcaption><\/figure><\/li><li class=\"blocks-gallery-item\"><figure><a href=\"https:\/\/jaskobus.sk\/wp-content\/uploads\/2019\/11\/IMAG0449.jpg\"><img loading=\"lazy\" decoding=\"async\" width=\"576\" height=\"1024\" src=\"https:\/\/jaskobus.sk\/wp-content\/uploads\/2019\/11\/IMAG0449-576x1024.jpg\" alt=\"\" data-id=\"190\" data-full-url=\"https:\/\/jaskobus.sk\/wp-content\/uploads\/2019\/11\/IMAG0449.jpg\" data-link=\"https:\/\/jaskobus.sk\/?attachment_id=190\" class=\"wp-image-190\" srcset=\"https:\/\/jaskobus.sk\/wp-content\/uploads\/2019\/11\/IMAG0449-576x1024.jpg 576w, https:\/\/jaskobus.sk\/wp-content\/uploads\/2019\/11\/IMAG0449-169x300.jpg 169w, https:\/\/jaskobus.sk\/wp-content\/uploads\/2019\/11\/IMAG0449-768x1365.jpg 768w\" sizes=\"(max-width: 576px) 100vw, 576px\" \/><\/a><figcaption class=\"blocks-gallery-item__caption\">Prv\u00e1 d\u013a\u017eka &#8211; Motyka &#8211; \u0160irok\u00e1 ve\u017ea<\/figcaption><\/figure><\/li><li class=\"blocks-gallery-item\"><figure><a href=\"https:\/\/jaskobus.sk\/wp-content\/uploads\/2019\/11\/20190301_130237.jpg\"><img loading=\"lazy\" decoding=\"async\" width=\"768\" height=\"1024\" src=\"https:\/\/jaskobus.sk\/wp-content\/uploads\/2019\/11\/20190301_130237-768x1024.jpg\" alt=\"\" data-id=\"254\" data-full-url=\"https:\/\/jaskobus.sk\/wp-content\/uploads\/2019\/11\/20190301_130237.jpg\" data-link=\"https:\/\/jaskobus.sk\/?attachment_id=254\" class=\"wp-image-254\" srcset=\"https:\/\/jaskobus.sk\/wp-content\/uploads\/2019\/11\/20190301_130237-768x1024.jpg 768w, https:\/\/jaskobus.sk\/wp-content\/uploads\/2019\/11\/20190301_130237-225x300.jpg 225w\" sizes=\"(max-width: 768px) 100vw, 768px\" \/><\/a><figcaption class=\"blocks-gallery-item__caption\">Veverkov \u013ead &#8211; lezie Mirka<\/figcaption><\/figure><\/li><li class=\"blocks-gallery-item\"><figure><a href=\"https:\/\/jaskobus.sk\/wp-content\/uploads\/2019\/11\/20190304_073113.jpg\"><img loading=\"lazy\" decoding=\"async\" width=\"1024\" height=\"757\" src=\"https:\/\/jaskobus.sk\/wp-content\/uploads\/2019\/11\/20190304_073113-1024x757.jpg\" alt=\"\" data-id=\"258\" data-full-url=\"https:\/\/jaskobus.sk\/wp-content\/uploads\/2019\/11\/20190304_073113.jpg\" data-link=\"https:\/\/jaskobus.sk\/?attachment_id=258\" class=\"wp-image-258\" srcset=\"https:\/\/jaskobus.sk\/wp-content\/uploads\/2019\/11\/20190304_073113-1024x757.jpg 1024w, https:\/\/jaskobus.sk\/wp-content\/uploads\/2019\/11\/20190304_073113-300x222.jpg 300w, https:\/\/jaskobus.sk\/wp-content\/uploads\/2019\/11\/20190304_073113-768x568.jpg 768w, https:\/\/jaskobus.sk\/wp-content\/uploads\/2019\/11\/20190304_073113.jpg 1077w\" sizes=\"(max-width: 1024px) 100vw, 1024px\" \/><\/a><figcaption class=\"blocks-gallery-item__caption\">Lomnick\u00fd \u013ead &#8211; lezie Pe\u0165o J.<\/figcaption><\/figure><\/li><li class=\"blocks-gallery-item\"><figure><a href=\"https:\/\/jaskobus.sk\/wp-content\/uploads\/2019\/11\/IMAG0097-scaled.jpg\"><img loading=\"lazy\" decoding=\"async\" width=\"1024\" height=\"576\" src=\"https:\/\/jaskobus.sk\/wp-content\/uploads\/2019\/11\/IMAG0097-1024x576.jpg\" alt=\"\" data-id=\"346\" data-full-url=\"https:\/\/jaskobus.sk\/wp-content\/uploads\/2019\/11\/IMAG0097-scaled.jpg\" data-link=\"https:\/\/jaskobus.sk\/?attachment_id=346\" class=\"wp-image-346\" srcset=\"https:\/\/jaskobus.sk\/wp-content\/uploads\/2019\/11\/IMAG0097-1024x576.jpg 1024w, https:\/\/jaskobus.sk\/wp-content\/uploads\/2019\/11\/IMAG0097-300x169.jpg 300w, https:\/\/jaskobus.sk\/wp-content\/uploads\/2019\/11\/IMAG0097-768x432.jpg 768w, https:\/\/jaskobus.sk\/wp-content\/uploads\/2019\/11\/IMAG0097-1536x864.jpg 1536w, https:\/\/jaskobus.sk\/wp-content\/uploads\/2019\/11\/IMAG0097-2048x1152.jpg 2048w\" sizes=\"(max-width: 1024px) 100vw, 1024px\" \/><\/a><figcaption class=\"blocks-gallery-item__caption\">Skialp v\u00fdstup Film\u00e1rskym \u017e\u013eabom<\/figcaption><\/figure><\/li><li class=\"blocks-gallery-item\"><figure><a href=\"https:\/\/jaskobus.sk\/wp-content\/uploads\/2019\/11\/IMAG3936_1-1.jpg\"><img loading=\"lazy\" decoding=\"async\" width=\"1024\" height=\"575\" src=\"https:\/\/jaskobus.sk\/wp-content\/uploads\/2019\/11\/IMAG3936_1-1-1024x575.jpg\" alt=\"\" data-id=\"83\" data-full-url=\"https:\/\/jaskobus.sk\/wp-content\/uploads\/2019\/11\/IMAG3936_1-1.jpg\" data-link=\"https:\/\/jaskobus.sk\/?attachment_id=83\" class=\"wp-image-83\" srcset=\"https:\/\/jaskobus.sk\/wp-content\/uploads\/2019\/11\/IMAG3936_1-1-1024x575.jpg 1024w, https:\/\/jaskobus.sk\/wp-content\/uploads\/2019\/11\/IMAG3936_1-1-300x169.jpg 300w, https:\/\/jaskobus.sk\/wp-content\/uploads\/2019\/11\/IMAG3936_1-1-768x431.jpg 768w\" sizes=\"(max-width: 1024px) 100vw, 1024px\" \/><\/a><figcaption class=\"blocks-gallery-item__caption\">Skialp v\u00fdstup na Hranat\u00fa ve\u017eu<\/figcaption><\/figure><\/li><\/ul><\/figure>\n","protected":false},"excerpt":{"rendered":"<p>Vysok\u00e9 Tatry asi netreba nikomu opisova\u0165. Je to na\u0161e jedin\u00e9 \u017eulov\u00e9 ve\u013ehorsk\u00e9 prostredie poskytuj\u00face \u0161irok\u00fa \u0161k\u00e1lu horolezeck\u00fdch aktiv\u00edt ako skaln\u00e9 lezenie, tradi\u010dn\u00e9 vo\u013en\u00e9 lezenie, zimn\u00e9 lezenie mixov \u010di \u013eadov a&nbsp;skialpinizmus. V\u00fdjazd je nastaven\u00fd ako v\u00edkendov\u00fd s&nbsp;dvoma nocami na vysokohorskej chate &hellip; <a href=\"https:\/\/jaskobus.sk\/?page_id=341\">Continued<\/a><\/p>\n","protected":false},"author":2,"featured_media":182,"parent":0,"menu_order":0,"comment_status":"closed","ping_status":"closed","template":"","meta":{"kt_blocks_editor_width":"","_price":"","_stock":"","_tribe_ticket_header":"","_tribe_default_ticket_provider":"","_tribe_ticket_capacity":"0","_ticket_start_date":"","_ticket_end_date":"","_tribe_ticket_show_description":"","_tribe_ticket_show_not_going":false,"_tribe_ticket_use_global_stock":"","_tribe_ticket_global_stock_level":"","_global_stock_mode":"","_global_stock_cap":"","_tribe_rsvp_for_event":"","_tribe_ticket_going_count":"","_tribe_ticket_not_going_count":"","_tribe_tickets_list":[],"_tribe_ticket_has_attendee_info_fields":false,"_EventAllDay":false,"_EventTimezone":"","_EventStartDate":"","_EventEndDate":"","_EventStartDateUTC":"","_EventEndDateUTC":"","_EventShowMap":false,"_EventShowMapLink":false,"_EventURL":"","_EventCost":"","_EventCostDescription":"","_EventCurrencySymbol":"","_EventCurrencyCode":"","_EventCurrencyPosition":"","_EventDateTimeSeparator":"","_EventTimeRangeSeparator":"","_EventOrganizerID":[],"_EventVenueID":[],"_OrganizerEmail":"","_OrganizerPhone":"","_OrganizerWebsite":"","_VenueAddress":"","_VenueCity":"","_VenueCountry":"","_VenueProvince":"","_VenueState":"","_VenueZip":"","_VenuePhone":"","_VenueURL":"","_VenueStateProvince":"","_VenueLat":"","_VenueLng":"","_VenueShowMap":false,"_VenueShowMapLink":false,"footnotes":""},"ticketed":false,"_links":{"self":[{"href":"https:\/\/jaskobus.sk\/index.php?rest_route=\/wp\/v2\/pages\/341"}],"collection":[{"href":"https:\/\/jaskobus.sk\/index.php?rest_route=\/wp\/v2\/pages"}],"about":[{"href":"https:\/\/jaskobus.sk\/index.php?rest_route=\/wp\/v2\/types\/page"}],"author":[{"embeddable":true,"href":"https:\/\/jaskobus.sk\/index.php?rest_route=\/wp\/v2\/users\/2"}],"replies":[{"embeddable":true,"href":"https:\/\/jaskobus.sk\/index.php?rest_route=%2Fwp%2Fv2%2Fcomments&post=341"}],"version-history":[{"count":6,"href":"https:\/\/jaskobus.sk\/index.php?rest_route=\/wp\/v2\/pages\/341\/revisions"}],"predecessor-version":[{"id":555,"href":"https:\/\/jaskobus.sk\/index.php?rest_route=\/wp\/v2\/pages\/341\/revisions\/555"}],"wp:featuredmedia":[{"embeddable":true,"href":"https:\/\/jaskobus.sk\/index.php?rest_route=\/wp\/v2\/media\/182"}],"wp:attachment":[{"href":"https:\/\/jaskobus.sk\/index.php?rest_route=%2Fwp%2Fv2%2Fmedia&parent=341"}],"curies":[{"name":"wp","href":"https:\/\/api.w.org\/{rel}","templated":true}]}}